{"id":64,"date":"2009-09-04T18:05:09","date_gmt":"2009-09-04T16:05:09","guid":{"rendered":"http:\/\/sac-suhl.de\/?page_id=64"},"modified":"2024-06-05T14:18:16","modified_gmt":"2024-06-05T12:18:16","slug":"kindergartensport","status":"publish","type":"page","link":"http:\/\/sac-suhl.de\/?page_id=64","title":{"rendered":"KigaSport"},"content":{"rendered":"<p>Beim Kindergartensport werden den Kindern spielerisch F\u00e4higkeiten vermittelt, die es Ihnen sp\u00e4ter erleichtern sollen verschiedene Sportarten zu erlernen bzw. auszu\u00fcben.<br \/>\nSchwerpunkt ist die Bewegungsschulung f\u00fcr Kinder im Kindergartenalter.<br \/>\nZielgruppe sind Kinder im Alter von 3 &#8211; 6 Jahren.<br \/>\nEs soll Freude am Sporttreiben geweckt, sowie die koordinativen F\u00e4higkeiten vertieft werden.Trainiert wird mit und ohne Ger\u00e4te. Aber auch das Spiel und der Spa\u00df kommen nicht zu kurz.<\/p>\n<p>Unsere \u00dcbungsleiterin trainiert mit den Kindern am Dienstag in der Sporthalle Str. der OdF (Gymnasium Haus II-Turnhalle am Stadtpark ) von 16:30 &#8211; 17:30 Uhr.<\/p>\n<p><strong> Ansprechpartner: Liane St\u00f6rmer\/Anja Schmidt<br \/>\n<\/strong><\/p>\n<p><strong><span style=\"color: #ff0000;\">Achtung: (Probetraining nur auf Anfrage, da der Kurs total ausgebucht ist)<\/span><\/strong><\/p>\n","protected":false},"excerpt":{"rendered":"<p>Beim Kindergartensport werden den Kindern spielerisch F\u00e4higkeiten vermittelt, die es Ihnen sp\u00e4ter erleichtern sollen verschiedene Sportarten zu erlernen bzw. auszu\u00fcben. Schwerpunkt ist die Bewegungsschulung f\u00fcr Kinder im Kindergartenalter. Zielgruppe sind Kinder im Alter von 3 &#8211; 6 Jahren. Es soll Freude am Sporttreiben geweckt, sowie die koordinativen F\u00e4higkeiten vertieft werden.Trainiert wird mit und ohne Ger\u00e4te. &hellip; <a href=\"http:\/\/sac-suhl.de\/?page_id=64\" class=\"more-link\"><span class=\"screen-reader-text\">KigaSport<\/span> weiterlesen <span class=\"meta-nav\">&rarr;<\/span><\/a><\/p>\n","protected":false},"author":1,"featured_media":0,"parent":0,"menu_order":4,"comment_status":"closed","ping_status":"closed","template":"","meta":{"footnotes":""},"class_list":["post-64","page","type-page","status-publish","hentry"],"_links":{"self":[{"href":"http:\/\/sac-suhl.de\/index.php?rest_route=\/wp\/v2\/pages\/64","targetHints":{"allow":["GET"]}}],"collection":[{"href":"http:\/\/sac-suhl.de\/index.php?rest_route=\/wp\/v2\/pages"}],"about":[{"href":"http:\/\/sac-suhl.de\/index.php?rest_route=\/wp\/v2\/types\/page"}],"author":[{"embeddable":true,"href":"http:\/\/sac-suhl.de\/index.php?rest_route=\/wp\/v2\/users\/1"}],"replies":[{"embeddable":true,"href":"http:\/\/sac-suhl.de\/index.php?rest_route=%2Fwp%2Fv2%2Fcomments&post=64"}],"version-history":[{"count":11,"href":"http:\/\/sac-suhl.de\/index.php?rest_route=\/wp\/v2\/pages\/64\/revisions"}],"predecessor-version":[{"id":1123,"href":"http:\/\/sac-suhl.de\/index.php?rest_route=\/wp\/v2\/pages\/64\/revisions\/1123"}],"wp:attachment":[{"href":"http:\/\/sac-suhl.de\/index.php?rest_route=%2Fwp%2Fv2%2Fmedia&parent=64"}],"curies":[{"name":"wp","href":"https:\/\/api.w.org\/{rel}","templated":true}]}}